*u + 12 = f*v - 25, -67 = -4*v + 3*u. Is v a composite number?
False
Let s be 4/10 - (-66)/(-15). Let p(o) be the first derivative of -o**4/2 - o**3 + o**2/2 + 3*o + 2. Is p(s) a composite number?
False
Let y(c) = -c**2 - 21*c + 13. Is y(-18) composite?
False
Is 62/465 + (-21566)/(-30) prime?
True
Let h = -6275 - -9778. Is h a prime number?
False
Suppose -h + 30 + 7 = 0. Is h a prime number?
True
Suppose 0 = i - 7*i + 714. Is i a composite number?
True
Let y be (434/(-6))/((-2)/6). Is 3*1*y/21 a prime number?
True
Suppose -5*z + p = -16254, 6506 = 2*z - 0*z + 4*p. Is z composite?
False
Is ((318/18)/1)/((-2)/(-6)) a composite number?
False
Let z(b) = -2*b + 5. Let a be z(-6). Let r = a - -29. Let l = r - 7. Is l composite?
True
Let o = -5 + 5. Suppose 3*l = -t + 4 - o, 3*t + 21 = 2*l. Let g(a) = 3*a**3 - 4*a**2 + a + 1. Is g(l) a prime number?
False
Suppose -2*i + 1 = -11. Let h = -5 + i. Is (38 - 1) + h + -1 prime?
True
Suppose -d + 2*d - 3 = z, 0 = 3*d - z - 9. Suppose -s + 356 = d*s. Is s composite?
False
Let g = 6 - -29. Is g a prime number?
False
Suppose -w + 5*y + 33 = 11, -4*y + 28 = 3*w. Let n be (-30)/w*12/(-10). Suppose i + 249 = n*o + 2*i, -5*o = -3*i - 415. Is o a composite number?
False
Let o = 1190 - 2666. Is -4*(-3 - o/(-16)) a composite number?
True
Let v(a) = a**2 + 3*a - 3. Let k be v(-3). Is 3/(0 - k/33) a composite number?
True
Let q(t) = -19*t**2 - 3*t - 6. Let c(p) = 10*p**2 + p + 3. Let l(f) = 9*c(f) + 4*q(f). Let w = -1 + 3. Is l(w) prime?
True
Let h = 606 - -860. Is h composite?
True
Let o = -14 - -7. Let w be (18/(-7))/(1/o). Is 1 - w/((-9)/3) prime?
True
Let z(d) be the third derivative of 2*d**5/15 - d**4/6 + d**3/6 + d**2. Is z(-4) prime?
False
Let z = 3 - 0. Suppose -a = 5, -10 = -z*h + 3*a + 11. Suppose 5*o - 2*o - 79 = -h*n, -3*o - 61 = -2*n. Is n prime?
False
Suppose 0 = -m + 4*m - 9. Let i(w) = w**3 + 7*w**2 - 9*w - 11. Let l be i(-8). Is ((-80)/l + -1)*m a prime number?
False
Suppose -9*o + 3*o + 18606 = 0. Is o composite?
True
Is (158/(-2))/((-2)/2) prime?
True
Let x = -632 - -1299. Is x composite?
True
Let r(l) = -32*l**3 - 5*l**2 - l + 18. Is r(-5) composite?
True
Let j = 1125 + -2535. Is (-4)/1*j/24 a prime number?
False
Let o = 1 + 7. Let t = o - -59. Is t a composite number?
False
Suppose -i - 3647 = -4*i + 2*f, 0 = -f - 4. Is i a composite number?
False
Let q(o) = o**3 + 5*o**2 - 7*o - 1. Let r be q(-6). Suppose 0 = -r*s - p + 165 - 36, 2*s - 4*p = 34. Is s a composite number?
True
Suppose 2*z + s - 116 = 3*s, -z + 4*s + 46 = 0. Is z a composite number?
True
Suppose 3*k - k = 178. Is k a composite number?
False
Let x be 2/(-6)*12/(-4). Let s(r) = -r**3 + r**2 - r + 1. Let j(c) = 8*c**2 - c + 6. Let h(g) = x*j(g) + s(g). Is h(8) composite?
True
Suppose -3*g + 2*g + 9 = 0. Suppose -3*a - 7 = -2*a - 3*q, 3*a + 3*q = -g. Is a*(-2)/(-4) - -181 composite?
False
Suppose -2*j = -4*h + 2*j - 80, 0 = -2*h + 3*j - 40. Let s = 54 + h. Is s composite?
True
Suppose -5*k = -2*v - 9, -k + 6 + 5 = -5*v. Is (1/k)/(2/70) composite?
True
Suppose 5*x + 4*f + 169 = 0, -4*x + 3*f - 69 = 91. Let y = x - -74. Is y composite?
False
Suppose 5*v - b = 261, 3*v + 0*b - 175 = -4*b. Is v a composite number?
False
Let z(n) = 6*n. Let g be z(2). Is g - (1/1 + 0) a composite number?
False
Let j be 1 + -1 + 0 + 13. Let m = j + 6. Is m a composite number?
False
Suppose -493 = -a + r, -a - 4*r = -2*r - 493. Is a a prime number?
False
Suppose 0 = a - 6*a + 1700. Suppose -5*t + t = -a. Is t a composite number?
True
Let a(s) be the third derivative of 5*s**4/24 + 17*s**3/6 - 5*s**2. Is a(12) a composite number?
True
Suppose 0 = 3*v + 9 + 3. Let k be v/(-6) + 161/(-21). Let r(w) = w**3 + 9*w**2 + 6*w - 10. Is r(k) composite?
True
Suppose 5*r = 2*k + 2 + 26, 0 = r - 2*k - 12. Suppose -r + 1 = -f. Suppose -102 = -2*a + 4*d, 4*a - 3*d = f*a + 50. Is a prime?
True
Let s = -284 - -763. Is s composite?
False
Let s(w) = 8*w**2 - w. Let n(u) = -15*u**2 + u. Let g(k) = -4*n(k) - 7*s(k). Let r be g(-2). Is (-45)/9*(-382)/r composite?
False
Suppose 5*q - 12 = q. Suppose -1 = 3*t - 2*g, 1 = -3*t - q*g - 5. Is t + (0 - 0) + 15 composite?
True
Let b(s) be the second derivative of -s**5/20 - 7*s**4/12 - 3*s**3/2 - 4*s**2 + 2*s. Let f be b(-6). Suppose 5*l - f = 10. Is l composite?
True
Suppose -i + 12 = -3*k - 9, -3*k + 4*i = 12. Let r be 6*2*(-78)/k. Let q = r + -32. Is q a prime number?
False
Let t(f) = 12*f + 5. Let s = -4 - -9. Is t(s) prime?
False
Let m = 4 + -3. Let o = m + 4. Suppose 4*x = -3*k + 29, -o*k - 2 - 1 = 2*x. Is x a prime number?
True
Suppose u = -0*u - 2, 2*k = 3*u + 22. Is ((-1)/(-2))/(k/1328) a composite number?
False
Suppose 13*r - 18*r + 430 = 0. Is r a prime number?
False
Suppose 19 = c + c - 5*y, 4*c - y - 11 = 0. Let f(w) = 17*w - 1. Is f(c) prime?
False
Suppose 26 = -2*r - 20. Let y = r - -74. Is y a composite number?
True
Let q be ((-2)/(-1) - -123) + 0. Suppose -q - 320 = -5*g. Is g composite?
False
Suppose -m = m - 30. Let t be (1 - m)*6/(-12). Let f = t + 26. Is f composite?
True
Let w be -6*((-2)/3 + 0). Suppose -3*g + 4*g - l + 4 = 0, -3*g - 19 = w*l. Is 30/(-12)*28/g a prime number?
False
Let z(a) = -5*a**2 + 1. Let y be z(1). Let j(r) = 2*r. Let w be j(4). Is (140/w)/((-2)/y) composite?
True
Let h = -29 - -52. Is h a prime number?
True
Let d = -2533 + 4292. Is d a composite number?
False
Let x = 2 + 14. Let o = x + -1. Is o composite?
True
Suppose 12 = -0*x + 2*x. Let i(u) = 23*u + 20. Let h(l) = -6*l - 5. Let f(z) = -9*h(z) - 2*i(z). Is f(x) prime?
True
Suppose -3*m - 48 - 44 = s, -2*m = 4*s + 58. Let n = 25 - -20. Let f = n + m. Is f prime?
False
Let x(p) = 11*p + 2. Let h be -5*-4*1/(-10). Let v be 7/3 - h/3. Is x(v) a composite number?
True
Let f = 5 + -4. Let p = f - -3. Suppose -5*r + 0 - 5 = -5*k, 0 = p*k - 3*r - 9. Is k a prime number?
False
Let o(p) = 59*p**2 - p + 1. Is o(1) a composite number?
False
Let h = -5649 + 13256. Is h a prime number?
True
Suppose -39 = 2*u - 1405. Let y = -390 + u. Is y a composite number?
False
Let y = -1161 + 2704. Is y composite?
False
Let y = -22 + 13. Let f = -13 - y. Let w(o) = -o**3 - 2*o**2 + 5*o - 2. Is w(f) prime?
False
Suppose -6*s - 642 = -4*d - 11*s, -d + 3*s = -169. Let p = -18 + d. Is p prime?
False
Let j be (-9)/(-6) + (-5)/(-2). Suppose 12 = -j*n + 48. Is n/(-2)*84/(-18) a composite number?
True
Let w = -738 + 96. Let z = -229 - w. Is z a composite number?
True
Let g(w) = w**2 + w + 11. Is g(6) a composite number?
False
Let n(k) = 4*k**2 + 20*k - 35. Is n(21) composite?
True
Is (-4)/6 + ((-34980)/9)/(-4) prime?
True
Suppose 4*o - 3 = 1. Let t be (-21)/(-6) + o/(-2). Is (20/(-8))/(t/(-222)) a prime number?
False
Suppose h - 7 + 3 = 0. Let z(p) = 4*p - 3. Is z(h) a prime number?
True
Is (280/(-6) + -3)*-3 a composite number?
False
Let n(i) = 2*i + 4. Let g be n(2). Let h(q) be the second derivative of q**5/20 - 7*q**4/12 + 2*q**3/3 - 11*q**2/2 - q. Is h(g) composite?
True
Suppose 8 = -10*d + 6*d. Is d - 5/((-20)/196) prime?
True
Suppose -5*j + 0*j = -635. Is j composite?
False
Let k = -531 - -1036. Is k composite?
True
Suppose -424 = 4*u + 212. Let s = u - -446. Is s a prime number?
False
Let w(q) = 178*q**3 - q**2 + 2*q - 2. Is w(1) prime?
False
Let a(z) = -z**3 - 12*z**2 + 8*z - 14. Is a(-13) a prime number?
False
Let s = -31 - -20. Let j be s/(-2) + (-3)/2. Suppose -7*w - 4*d + 95 = -2*w, j*d - 76 = -4*w. Is w a composite number?
False
Suppose 7*o - 941 = 1208. Is o a composite number?
False
Suppose 0 = -9*o + 9656 + 2431. Is o prime?
False
Is ((-3)/(-6))/(3/2694) a prime number?
True
Is (4784/18 - 3) + 4/18 composite?
False
Suppose 3 + 2 = d. Suppose 0 = -4*h + 5*w + d, 3*w = -5*h - 3 - 0. Suppose h = -3*f + 11 + 7. Is f composite?
True
Let b(k) = 14*k**2 + 9*k + 2 + 2*k + k**3 - 1. Is b(-9) composite?
False
Suppose -2*s + 3383 = 365. Is s composite?
True
Let f(q) = -q**3 + 12*q**2 + 7*q - 7. Is f(12) prime?
False
Let s(o) = o**2 + 1. Let n be s(-2). Let z = -329 - -135. Is z/(-10) + (-2)/n prime?
True
Let t(w) = -16*w - 15. Is t(-8) prime?
True
Let z(u) = 2*u**2 + 5. Let o be z(-9). Suppose 0*n - 2*d = n - 167, -n = 5*d - o. Is n composite?
False
Suppose r = 2*z + 995, -z + 1980 = r + r. Is r prime?
True
Suppose -1085 = -3*j + 244. Is j prime?
True
Suppose 0 = -3